 - (4 + 6)) + 2.
-1
What is the value of -14 + 4 + (8 - (2 + 2))?
-6
0 + -4 - (8 - (-7 - -20))
1
-482 + 488 - (1 + -1 + 1)
5
What is the value of -6 - (3 + 1 + 2 + -11)?
-1
Calculate -5 + 5 + -4 - (0 - 2).
-2
Evaluate -5 - (-5 + 8 + (-2 - 2)).
-4
What is (-1 + 0 - 3) + 1 + 2?
-1
What is 128 - 135 - (-7 - 0)?
0
Evaluate -2 - (5 + 1 + -5).
-3
Evaluate 0 - -3 - (-5 - -13 - 7).
2
What is -1 - (-6 - -4) - (2 - 2)?
1
What is the value of (0 + -1 - 6) + 0 - -2?
-5
Calculate -10 - -9 - 2 - -2.
-1
Calculate -5 - (-1 + (-9 - -7)).
-2
Evaluate 18 - 18 - (-4 - (2 + -4)).
2
What is the value of (1 - 9) + -14 + 13?
-9
Evaluate -7 + (7 + -7 - -10).
3
What is 4 + 9 - (24 + -15)?
4
Evaluate 2 + 2 + -4 + 5.
5
Evaluate 0 + -1 - (-9 - -7).
1
Evaluate 6 - (-7 + 18 + 1).
-6
What is the value of (-4 - 0) + 3 + 3?
2
What is the value of (-4 - 0 - (5 - 8)) + 2?
1
What is the value of (3 - 5 - 8) + 1 + 4?
-5
Calculate -1 + (-5 - -1) + (-2 - -5).
-2
Calculate -1 + (-2 - (-1 + -2 - 3)).
3
What is the value of 2 + 2 - (3 + 0 + -1)?
2
(-5 - -1) + 9 + 8 + -14
-1
What is the value of -92 - -105 - (-1 - -5)?
9
What is the value of (-2 - -1) + (6 - 1)?
4
Evaluate 4 + -1 - (32 + -35).
6
Calculate -2 + -3 + 7 + -5.
-3
What is the value of -15 + 19 + (-2 - -7)?
9
6 + -9 + 10 - (2 - 0)
5
-1 + 3 + -1 + (-8 - -5)
-2
What is the value of -6 + (2 - 3) + (-26 - -29)?
-4
-6 - -3 - (-3 - -6)
-6
Evaluate -3 + -3 - (3 + -7).
-2
6 - (-3 - -2 - -5)
2
0 + (5 - 4) - 3
-2
Calculate (-2 - -1 - -2) + -1.
0
What is -4 - (1 + (-3 - -1))?
-3
(-23 - -8) + 6 - -2
-7
4 - -1 - (-7 + -10 + 15)
7
Calculate 2 - (-9 + 5 + 1).
5
-7 + -7 + 16 + -4
-2
What is 36 + -35 - (-4 - 0)?
5
Calculate (-2 - 2) + (-56 - -57).
-3
Evaluate -7 - ((-4 - -4 - 6) + -1).
0
Calculate (-2 - -1) + (2 - 2).
-1
What is the value of 2 - 9 - ((0 - 5) + 2)?
-4
(-2 - (-4 - -11)) + -1 + 7
-3
Calculate 15 + -5 + -6 - 9.
-5
Calculate 2 + -1 - (-4 + 0 - -1).
4
-7 + 4 + -4 - -5 - 4
-6
What is the value of (6 - 2) + 0 + (-15 - -7)?
-4
Evaluate 10 + -7 + 6 - 5.
4
Calculate (-8 - 3 - -5) + 15.
9
(14 - 13 - -15) + -7
9
9 - ((-3 - -5) + 4)
3
Evaluate -14 + 8 + (-1 - -2).
-5
What is the value of (-1 - (-1 + -2 + 5)) + 6?
3
Calculate (-1 - 1) + (2 + -3 - 1).
-4
Evaluate 10 - 1 - (3 - 3 - 2).
11
1 - (-2 + (4 - -4))
-5
-7 + 1 + (-93 - -97)
-2
Evaluate -2 - ((11 - 6) + -3 + 2).
-6
-1 + (2 - (-4 + 7)) + 0
-2
What is 11 + 4 + -15 - -3?
3
Evaluate 3 + -6 + 10 + 0.
7
(7 - -1) + (-1 - (-3 + 5))
5
-9 + -13 + 38 - 13
3
What is the value of (1 + 6 - 0) + -8?
-1
What is the value of 79 + -72 + (-2 - -1)?
6
What is the value of (-19 - (-8 - 3)) + 5?
-3
What is 5 - (2 + (-6 - -3) + -1)?
7
What is (3 - 6 - -4) + 3?
4
What is the value of (-4 - (-10 - -9)) + -3 + 1?
-5
What is the value of (-3 - -4) + -4 - (-5 - 1)?
3
What is the value of (12 - 15) + (-5 - -17)?
9
Calculate 4 + (-10 + 6 - 7).
-7
What is the value of 0 - (0 + (7 - 7) - -1)?
-1
What is -14 + (12 - (-1 - -7)) - -5?
-3
7 - (0 + (8 - 8))
7
Calculate (7 + -20 - -6 - -3) + 6.
2
What is the value of 3 + 4 + -11 + 7 - 12?
-9
What is -11 + -11 + 12 - -5?
-5
(-4 - -21) + -11 + (-1 - -1)
6
What is (-6 - -6) + 1 + -1 + 2?
2
Evaluate -8 - ((2 - 4) + 1 + -2).
-5
What is the value of (9 - (-4 - -15)) + (0 - 1)?
-3
Evaluate 3 - (-2 - -5) - (4 - 2).
-2
What is 1 - (6 - (-6 - 1 - -9))?
-3
Calculate 1 + -3 + (-1 - -1) + 7.
5
Calculate -1 + -1 + (-3 - -9).
4
Calculate (-1 - -7) + -5 - -1.
2
48 + -56 - (0 - 13)
5
-4 + (9 - 9 - -7)
3
19 + -22 - (-1 - 0 - -2)
-4
Calculate 2 + 1 + 7 + (7 - 17).
0
1 + 2 + (3 - 5) - 0
1
What is the value of 5 + -4 - (1 + 0)?
0
Calculate 4 - (8 - (0 - 1)).
-5
Evaluate -8 + 13 + (-5 - 1).
-1
Calculate (-7 - (-2 - 2 - -1)) + 0.
-4
Evaluate -5 + 5 + 3 + -3.
0
What is the value of (0 - (5 - 1)) + (-137 - -146)?
5
Evaluate (3 - (3 + -3)) + 20 + -20.
3
14 + (8 + -7 - 12)
3
What is -142 + 137 + 0 + 8?
3
What is -5 + -2 + 9 + -5?
-3
What is the value of 7 - (2 + -3 - -6 - 4)?
6
Calculate -5 - (1 + -4 + 2).
-4
5 + (1 - (14 + -5))
-3
What is 18 + -15 + (-1 - (1 + -4))?
5
Evaluate (6 - (20 + -12)) + 5.
3
Evaluate -2 - 1 - (-13 - -13).
-3
What is -8 - (-12 - (11 - (5 - -1)))?
9
What is 1 + -5 + (5 - 6)?
-5
What is (6 - 3) + -11 + 4 + 1?
-3
Calculate 1 + -3 - (-4 - 3).
5
(0 - -2) + (8 - 10)
0
Evaluate 1 + 1 - 8 - (-87 + 86).
-5
-5 + (-1 - 3) + 10
1
Evaluate 4 + (4 - (-4 - -10)).
2
What is -10 - (-14 + 10) - -3?
-3
What is 1 - 1 - (5 - (24 - 24))?
-5
14 - 9 - (-1 + 2)
4
What is the value of (14 - 17 - (0 + 1)) + 4?
0
What is 5 - 0 - (128 - 122)?
-1
What is the value of -8 + (8 - (-1 - -4)) + 3?
0
Calculate (-5 - -1) + (4 - 11 - -8).
-3
(5 - -1) + 3 + (-16 - -10)
3
(0 - -3) + -3 - 0 - -3
3
-1 + 1 + (-54 - -60)
6
Calculate (4 - 0) + (13 - 22).
-5
Calculate -5 + (-5 - -6) + -1 + 0.
-5
What is 1 + -11 + (-16 - -18)?
-8
What is (-4 - 0) + (-3 + 6 - -1)?
0
Calculate 0 - 10 - (-16 + 16 + -3).
-7
What is the value of (-3 - -3) + -6 - -8?
2
Evaluate 0 - (4 + (0 - -1)).
-5
Evaluate 6 + -4 + 1 + -5.
-2
Calculate -4 - (-5 + 4) - 0.
-3
Calculate 6 + -10 + -1 - -1.
-4
What is 3 - ((2 - -7) + -4 + 2)?
-4
Calculate (-1 - (-1 - 3)) + 0.
3
-7 + 1 + -11 - -11
-6
Evaluate 1 - 15 - (86 - 93).
-7
Calculate -1 + (-3 - (-6 - 0)).
2
Evaluate -1 + (6 + -3 - 0) + 4.
6
What is (-2 - 5) + -4 + 7?
-4
What is the value of 3 - (-12 + 5) - 3?
7
What is 2 + 2 + (11 - 15)?
0
5 - (3 - ((-7 - -11) + -4))
2
What is the value of 9 + -9 - (1 - (0 - 0))?
-1
What is -2 - -2 - (-6 + 4 + -2)?
4
Evaluate (0 - 3) + 2 + (0 - 0).
-1
Calculate -1 - 1 - (28 + -28) - -5.
3
Calculate (5 - 10) + 5 + 5.
5
3 + 7 + -2 - (5 + -6)
9
What is the value of -5 + -5 + 11 + (-1 - -1)?
1
What is the value of 10 - ((-1 - -6) + 3)?
2
Calculate 1 - 2 - 3 - (8 + -7).
-5
1 - (1 - 2) - (-1 + 7)
-4
What is 1 - (5 - 17 - -4) - 5?
4
Calculate -3 - (5 + -7 - 6).
5
2 + 8 - (8 - (10 - 5))
7
What is the value of 2 - -5 - 1 - (89 - 87)?
4
What is the value of -6 - (-8 + 0 + 6)?
-4
-6 - (-3 - (-6 + 3))
-6
What is (15 - 3) + -7 + 1?
6
Calculate (-1 - -2 - (8 + -2)) + 5.
0
What is the value of (3 - 1) + 6 + -63 + 57?
2
Evaluate 3 + -5 - (0 - 2).
0
What is the value of -4 - (-2 + 1) - 0?
-3
What is the value of 12 - 16 - (-2 + 3 - 9)?
4
What is (-17 - -9) + -1 + 9?
0
Evaluate -4 - 1 - (-8 - -1).
2
What is (0 - -3) + -6 - 0 - 0?
-3
Evaluate 3 - (0 + 5 + 1 - 1).
-2
Evaluate 1 - -2 - (-6 - (3 - 9)).
3
What is (-3 - -8) + 0 + (-9 - -3)?
-1
Calculate (2 - -13 - 9) + (-2 - -1).
5
-3 - (9 + -6 + 10 - 5)
-11
Evaluate -13 - 1 - (6 - (-6 - -19)).
-7
Calculate -3 - -1 - (18 + -19).
-1
Evaluate -4 - -1 - (-2 + 2 + -5).
2
What is -2 - (-5 - (6 + -8) - -5)?
-4
Calculate -2 + (6 - 6) - 2.
-4
Evaluate -5 + 19 + 0 - (0 + 4).
10
What is the value of (-7 - -7) + (-2 - -9) - 16?
-9
Calculate -1 + 8 - ((-4 - 2) + 20).
-7
Calculate 7 + -11 - (-5 + 1).
0
Calculate -3 + (4 + -1 - -2).
2
What is the value of -5 - (-4 + -2 + (-13 - -8))?
6
What is the value of (-4 + 2 - 0) + (2 - 2)?
-2
4 + 0 + -10 + 1
-5
What is the value of 2 - 10 - (-6 - -3)?
-5
Calculate (-6 + 0 - -4) + -1 + -4.
-7
4 - (4 + 0 + -1 - 1)
2
Calculate 196 + -191 - (3 - (0 - -1)).
3
-2 + (29 - 14) - 3
10
Calculate 1 - (-6 + 4 + 1 + 3).
-1
Evaluate (-6 - -9) + 1 + -1 + 0.
3
What is the value of 177 + -164 - (2 - -1)?
10
-7 - (1 + (0 - 0) + -4)
-4
What is 3 + (-2 + -6 - (-6 - -1))?
0
What is 21 + -5 - 9 - 4?
3
(10 - -1) + -5 + -2
4
What is the value of -1 + -8 + -2 - -16?
5
Calculate 4 + 0 + -8 + 5.
1
(1 - -2) + (-4 - -4)
3
(-7 - -2 - (0 - -1)) + 4
-2
-9 + (-2 - -2) + 6
-3
Evaluate -26 + 27 - (3 - 1).
-1
What is -2 + -3 + -4 + 9 - -1?
1
-3 - 3 - -1 - (-10 + 1)
4
-1 + (-3 - 3) + 4
-3
What is 22 + -19 - (1 + 1) - -4?
5
What is -1 + 4 - (-11 - -19)?
-5
Evaluate (-2 - (5 + -13)) + -7.
-1
What is the value of 5 - (2 - -7) - -2?
-2
2 - (2 - 3) - 0 - 0
3
Evaluate -2 + (8 - 0 - 1).
5
Calculate 3 + -4 - 4 - 0.
-5
1 + 0 + (-4 - 13) + 10
-6
-1 - -6 - (-2 + (1 - -1))
5
Evaluate (63 - 78) + (7 - -1).
-7
Evaluate 6 + 0 - (31 - 28).
3
What is the value of 5 - (-6 + 3 - -9)?
-1
Evaluate 6 + -8 - -2 - -2.
2
Evaluate (-1 - 7 - -6) + -6.
-8
What is 4 + 0 + -8 - (-2 - 1)?
-1
3 + 4 - (18 - 5)
-6
Evaluate -4 + (11 - (7 + -5)).
5
What is -6 - (0 + 2 + 1 + -1)?
-8
Calculate 1 - (-4 + 6) - 4.
-5
Calculate -11 + 14 + (-1 - (2 - -1)).
-1
What is the value of 7 - 4 - ((2